 -4*v - 4*d = -40, g*v - 4*d - 4 = -2. Let i(n) = n**2 - 3*n - 5. Calculate the remainder when i(6) is divided by v.
6
Let c = 61 + -27. What is the remainder when 99 is divided by c?
31
Let p(g) = -19*g - 88. What is the remainder when 128 is divided by p(-6)?
24
What is the remainder when (-9)/(-3) + 60 + 2 is divided by 11?
10
Let s(c) = -3*c + 2. Let d = 5 - 11. Let g = 1 + 10. What is the remainder when s(d) is divided by g?
9
Let k be ((-50)/(-4))/(1/2). Suppose -2*f + k = -1. What is the remainder when 36 is divided by f?
10
Suppose -5*n = 2*o - 5 - 21, 0 = -5*o + 5*n - 5. Suppose -k = o*k - 40. What is the remainder when k is divided by 6?
4
Suppose 0 = -3*m + 468 - 99. Calculate the remainder when m is divided by 31.
30
Let p be (2/(-3))/(1/(-15)). Let w be (4/5)/(5/25). Suppose p + w = j. Calculate the remainder when j is divided by 8.
6
Let p = -39 + 51. What is the remainder when 54 is divided by p?
6
Suppose u - 245 = -5*b - 2*u, 2*u = -4*b + 198. Suppose 4*n - 16 = 0, 0*n + n - b = -4*l. Calculate the remainder when 46 is divided by l.
10
Let i be 2 - ((-2)/(-1))/(-2). Let o(v) = -2 + 3*v + v + 3. What is the remainder when 37 is divided by o(i)?
11
Let w(l) = 58*l + 4. Calculate the remainder when w(1) is divided by 21.
20
Let y be (56/70)/((-2)/(-5)). Suppose 15 = 2*v - 5*n, 4*v - y*n - 54 = -0*n. Calculate the remainder when 58 is divided by v.
13
Let a(o) = 24*o - 19. What is the remainder when a(6) is divided by 45?
35
Let r(x) = -x**2 - 5*x + 2. Let q be r(-4). Let g = 1 - -2. What is the remainder when 4/q - 95/(-15) is divided by g?
1
Let y(x) = x**2 - 5*x + 3. Let f be y(5). Suppose f*g - 10 = 2*g. Calculate the remainder when 12/g*(-900)/(-27) is divided by 14.
12
Let v(i) = -i**3 - 3*i**2 - i - 2. Let c be v(-3). Let n(a) = -3*a - 1. Let w be n(c). Calculate the remainder when 3 is divided by (28/(-21))/(w/6).
1
Let m = 1 - -1. Let f be m/(-4) + 46/4. Let z = 18 - f. What is the remainder when z is divided by 3?
1
Let k(j) = -2*j**2 + 4*j - 4. Let m be k(2). Let t = 26 + m. Calculate the remainder when t is divided by 12.
10
Suppose 0 = 2*a + 3*a. Suppose a = 2*z - 6 - 0. Calculate the remainder when z is divided by 2.
1
Suppose -r + 147 = 138. Let d be ((-13)/(-2))/(2/4). Suppose -s + 13 + d = 0. What is the remainder when s is divided by r?
8
Let h(w) = -9*w + 3. Suppose m = 3*f - 3*m - 71, f - 19 = -m. What is the remainder when h(-4) is divided by f?
18
Suppose -4*x = -3*b + 292, 3*x + x = -5*b + 476. Suppose 4*m + b = 16. Let t = m - -52. Calculate the remainder when t is divided by 17.
15
Suppose -2*d = 2*g - 42, -34 - 29 = -3*g + d. Suppose -112 = -5*z + 198. What is the remainder when z is divided by g?
20
Let t(n) = n**3 - 3*n**2 - 2*n - 1. Let q = 30 - 14. Suppose 3*x + 4*l - q = 23, -13 = -x - l. Calculate the remainder when x is divided by t(4).
6
Suppose 4 = -0*k + k. What is the remainder when ((-62)/k)/((-2)/4) is divided by 11?
9
Suppose -5*l = -5, 0 = 4*i + l - 4*l - 5. Suppose -2*q + 69 = -s, -104 = -i*q - q + s. What is the remainder when 102 is divided by q?
32
Suppose 0 = -11*p + 30 + 14. Let f(j) = j + 3. Let z be (-1)/(-3) - (-16)/6. What is the remainder when f(z) is divided by p?
2
Suppose -3*y - 4*v = -0*v + 4, 2*y - v - 12 = 0. Let s = 7 - -1. Calculate the remainder when (18/y)/(6/s) is divided by 4.
2
Let p(d) = d**3 + 2 - 2 - d**2 + d + 2. Let x be p(0). Let q = x + 1. Calculate the remainder when 7 is divided by q.
1
Suppose 17 + 15 = 2*z. What is the remainder when z is divided by 9?
7
Suppose h - 155 = -4*h. Suppose b + 75 - 7 = 0. What is the remainder when h is divided by (-3 + b/(-8))*2?
9
Let d be (-30)/4*(-4)/6. Suppose i - 4 = d*i. Calculate the remainder when 25*((-27)/(-15) + i) is divided by 7.
6
Suppose 164 = 14*s - 102. Calculate the remainder when s is divided by 6.
1
Suppose 17*o = 13*o + 76. Let c(z) = 10*z**3 - 2*z**2 + 2. What is the remainder when c(2) is divided by o?
17
Let u(h) = -h**3 - 3*h**2 + 9*h + 9. Suppose -5*l + l = 3*x - 162, -3*l - 5*x + 127 = 0. Calculate the remainder when l is divided by u(-5).
11
Suppose -143 - 61 = -4*t. Calculate the remainder when t is divided by 15.
6
Let p = -22 - -48. Let i = p + -15. Suppose -2*d + 3*q + 25 = 0, d - 2*d + 3*q = -5. What is the remainder when d is divided by i?
9
Let h = -75 + 323. Suppose -71 = 3*i - h. What is the remainder when i is divided by 20 - 0*2/(-2)?
19
Let m be (-1*2)/(3/(-6)). Suppose -5*v + 95 = 3*b, 5*v - m*b - 95 = -0*v. What is the remainder when 37 is divided by v?
18
Calculate the remainder when -222*(2 - 1/1)/(-2) is divided by 19.
16
Let y(l) = -5*l + 10. Calculate the remainder when y(-7) is divided by 12.
9
Let m(r) = 5*r**2 + 1. What is the remainder when 35 is divided by m(-1)?
5
Let j = 8 - -14. Suppose 2*r + 2*d + 2*d = j, 5*d = r + 10. Suppose -9 = -r*n + 141. What is the remainder when n is divided by 16?
14
Let l be ((-8)/10)/((-7)/245). Let f be l/16 - 1/(-4). Let a = 17 - f. What is the remainder when 27 is divided by a?
12
Let s = 74 + -35. What is the remainder when s is divided by 22?
17
Suppose 4*w + 2*d - 40 = -d, -4*w + 40 = -2*d. Let x = -5 + 23. Calculate the remainder when x is divided by w.
8
Suppose -5*t + 841 = -104. Calculate the remainder when t is divided by 28.
21
What is the remainder when 33 is divided by -4 + (-2)/(-6)*69?
14
What is the remainder when (-8987)/(-129) + 2/((-12)/(-2)) is divided by 6?
4
Suppose 0 = 2*v - 10*v + 232. Calculate the remainder when ((-34)/(-3))/((-4)/(-30)) is divided by v.
27
Let x = -4 + 7. What is the remainder when 15 is divided by (-8)/x*12/(-8)?
3
Let u = 14 + -7. Suppose -2*c + c = -22. Let v = c - u. Calculate the remainder when 29 is divided by v.
14
Let s = -24 - -26. Suppose -s*f + 0 = -42. What is the remainder when 41 is divided by f?
20
Let q(k) = k**3 + 4*k**2 - k. What is the remainder when 10/1*4 + (-6)/3 is divided by q(-2)?
8
Suppose -f = 3*f + 36. Suppose -4*p = -p - 3, -3*o + 3*p + 18 = 0. Calculate the remainder when o is divided by (-3)/f + 11/3.
3
Let s = 6 - 3. Suppose -s*c + 6*c - 120 = 0. What is the remainder when c is divided by 14?
12
Let j be 11 - (-1)/2*-6. Suppose 3*i - j = 4. What is the remainder when 14 is divided by i?
2
Let p = 93 + -33. What is the remainder when p is divided by (21/2)/((-10)/(-20))?
18
Suppose -4*s - a + 56 = 0, 3*s + 2*a - 44 = -2. Let f = 4 - 3. What is the remainder when (-14 + f)/(1/(-2)) is divided by s?
12
Calculate the remainder when 76 is divided by (-1 - (-54)/7) + (-12)/(-42).
6
Suppose -b - 2*b - 3*h = 6, 2*b = 3*h + 21. Suppose 9 = -3*n - 5*w, 5*n - 2*n + 6 = -4*w. Calculate the remainder when 6 + -3*n/(-3) is divided by b.
2
Let t(x) be the first derivative of x**3/3 + x**2 - x - 21. Suppose 6 = 2*k - 6. What is the remainder when t(k) is divided by 12?
11
Suppose n + 2 = 4. Suppose n*k + 0*k = 14. Let c = 2 - -2. What is the remainder when k is divided by c?
3
Let y(f) = 7*f - 8. Calculate the remainder when 56 is divided by y(4).
16
Let y(s) = s - 8. Let q be y(6). Suppose 2*o - 6*o + 22 = 5*a, 0 = -4*a + 2*o + 2. What is the remainder when (-40 + q)*(-1)/a is divided by 11?
10
Let n = -25 + 50. Let i = n - 8. Calculate the remainder when i is divided by 9.
8
Let d(g) = 6*g**3 - 2*g**2 + 2. Suppose m - 12 = -5*m. Calculate the remainder when d(m) is divided by 15.
12
Suppose 0 = f + 4 - 17. Calculate the remainder when (-6)/(-4)*-1*-16 is divided by f.
11
Suppose -3*p = -2*p - 47. What is the remainder when p is divided by (-18)/((-75)/42 - 4/(-14))?
11
Suppose -2*p + 4*p = 3*m - 85, -m + 5*p = -24. What is the remainder when m is divided by (4 - 1)/3 + 7?
5
Suppose 67 = 2*v + 9. Suppose 3*n = 4*u - n - 20, 2*n = 5*u - 25. Suppose 7 = 3*r + u*w - 38, 0 = -5*w + 15. Calculate the remainder when v is divided by r.
9
Suppose -47 = -3*j + p, -j - 5*p = 4*j - 45. What is the remainder when 53 is divided by j?
11
Let r = -148 - -175. Calculate the remainder when r is divided by 12.
3
Suppose 0 = 2*b - 132 + 54. Let h(y) = -3*y - 5. What is the remainder when b is divided by h(-5)?
9
Let t = 8 + -6. Let g(z) = 3*z**2 + 2. Calculate the remainder when 41 is divided by g(t).
13
Let j be 8 - 10 - -5*1. Let l(c) = -5*c - 8*c**3 + 11*c**2 + 16*c + j*c**3 + 4*c**3 + 17. Ca